{"id":13142,"date":"2024-09-12T15:33:32","date_gmt":"2024-09-12T15:33:32","guid":{"rendered":"https:\/\/rexlansl.com\/archivos\/portfolio_page\/vita"},"modified":"2024-12-23T11:50:05","modified_gmt":"2024-12-23T11:50:05","slug":"vita","status":"publish","type":"portfolio_page","link":"https:\/\/rexlansl.com\/ca\/archivos\/portfolio_page\/vita","title":{"rendered":"VITA"},"content":{"rendered":"\t\t<div data-elementor-type=\"wp-post\" data-elementor-id=\"13142\" class=\"elementor elementor-13142 elementor-11188\">\n\t\t\t\t<div class=\"elementor-element elementor-element-902f364 e-flex e-con-boxed parallax_section_no qode_elementor_container_no e-con e-parent\" data-id=\"902f364\" data-element_type=\"container\">\n\t\t\t\t\t<div class=\"e-con-inner\">\n\t\t\t\t<div class=\"elementor-element elementor-element-2c4cd06 elementor-widget elementor-widget-heading\" data-id=\"2c4cd06\" data-element_type=\"widget\" data-widget_type=\"heading.default\">\n\t\t\t\t<div class=\"elementor-widget-container\">\n\t\t\t<h6 class=\"elementor-heading-title elementor-size-default\">Barcelona, \u200b\u200b2023<\/h6>\t\t<\/div>\n\t\t\t\t<\/div>\n\t\t\t\t<div class=\"elementor-element elementor-element-1b11ef0 elementor-widget elementor-widget-heading\" data-id=\"1b11ef0\" data-element_type=\"widget\" data-widget_type=\"heading.default\">\n\t\t\t\t<div class=\"elementor-widget-container\">\n\t\t\t<h2 class=\"elementor-heading-title elementor-size-default\">Resid\u00e8ncies Vita<\/h2>\t\t<\/div>\n\t\t\t\t<\/div>\n\t\t\t\t<div class=\"elementor-element elementor-element-1cd2f12 elementor-widget elementor-widget-text-editor\" data-id=\"1cd2f12\" data-element_type=\"widget\" data-widget_type=\"text-editor.default\">\n\t\t\t\t<div class=\"elementor-widget-container\">\n\t\t\t\t\t\t\t<p>Per a les resid\u00e8ncies d&#8217;estudiants de luxe VITA, ens encarreguem de fabricar i instal\u00b7lar els r\u00e8tols de coronaci\u00f3 dels dos edificis a Barcelona: Poblenou i Pedralbes, a m\u00e9s d&#8217;altres elements de senyalitzaci\u00f3. En tots dos, fabriquem r\u00e8tols de grans dimensions, frontalment il\u00b7luminats, perqu\u00e8 destaquessin tant de dia com de nit.   <\/p>\n\t\t\t\t\t\t<\/div>\n\t\t\t\t<\/div>\n\t\t\t\t\t<\/div>\n\t\t\t\t<\/div>\n\t\t\t\t<\/div>\n\t\t","protected":false},"excerpt":{"rendered":"<p>Barcelona, \u200b\u200b2023 Resid\u00e8ncies Vita Per a les resid\u00e8ncies d&#8217;estudiants de luxe VITA, ens encarreguem de fabricar i instal\u00b7lar els r\u00e8tols de coronaci\u00f3 dels dos edificis a Barcelona: Poblenou i Pedralbes, a m\u00e9s d&#8217;altres elements de senyalitzaci\u00f3. En tots dos, fabriquem r\u00e8tols de grans dimensions, frontalment&#8230;<\/p>\n","protected":false},"author":1,"featured_media":12843,"menu_order":0,"comment_status":"open","ping_status":"closed","template":"elementor_theme","portfolio_category":[82,85],"portfolio_tag":[],"class_list":["post-13142","portfolio_page","type-portfolio_page","status-publish","has-post-thumbnail","hentry","portfolio_category-escoles-biblioteques-universitats-i-residencies-destudiants","portfolio_category-retols"],"_links":{"self":[{"href":"https:\/\/rexlansl.com\/ca\/wp-json\/wp\/v2\/portfolio_page\/13142","targetHints":{"allow":["GET"]}}],"collection":[{"href":"https:\/\/rexlansl.com\/ca\/wp-json\/wp\/v2\/portfolio_page"}],"about":[{"href":"https:\/\/rexlansl.com\/ca\/wp-json\/wp\/v2\/types\/portfolio_page"}],"author":[{"embeddable":true,"href":"https:\/\/rexlansl.com\/ca\/wp-json\/wp\/v2\/users\/1"}],"replies":[{"embeddable":true,"href":"https:\/\/rexlansl.com\/ca\/wp-json\/wp\/v2\/comments?post=13142"}],"version-history":[{"count":1,"href":"https:\/\/rexlansl.com\/ca\/wp-json\/wp\/v2\/portfolio_page\/13142\/revisions"}],"predecessor-version":[{"id":13144,"href":"https:\/\/rexlansl.com\/ca\/wp-json\/wp\/v2\/portfolio_page\/13142\/revisions\/13144"}],"wp:featuredmedia":[{"embeddable":true,"href":"https:\/\/rexlansl.com\/ca\/wp-json\/wp\/v2\/media\/12843"}],"wp:attachment":[{"href":"https:\/\/rexlansl.com\/ca\/wp-json\/wp\/v2\/media?parent=13142"}],"wp:term":[{"taxonomy":"portfolio_category","embeddable":true,"href":"https:\/\/rexlansl.com\/ca\/wp-json\/wp\/v2\/portfolio_category?post=13142"},{"taxonomy":"portfolio_tag","embeddable":true,"href":"https:\/\/rexlansl.com\/ca\/wp-json\/wp\/v2\/portfolio_tag?post=13142"}],"curies":[{"name":"wp","href":"https:\/\/api.w.org\/{rel}","templated":true}]}}

<div data-elementor-type="wp-post" data-elementor-id="13142" class="elementor elementor-13142 elementor-11188">
				<div class="elementor-element elementor-element-902f364 e-flex e-con-boxed parallax_section_no qode_elementor_container_no e-con e-parent" data-id="902f364" data-element_type="container">
					<div class="e-con-inner">
				<div class="elementor-element elementor-element-2c4cd06 elementor-widget elementor-widget-heading" data-id="2c4cd06" data-element_type="widget" data-widget_type="heading.default">
				<div class="elementor-widget-container">
			<h6 class="elementor-heading-title elementor-size-default">Barcelona, ​​2023</h6>		</div>
				</div>
				<div class="elementor-element elementor-element-1b11ef0 elementor-widget elementor-widget-heading" data-id="1b11ef0" data-element_type="widget" data-widget_type="heading.default">
				<div class="elementor-widget-container">
			<h2 class="elementor-heading-title elementor-size-default">Residències Vita</h2>		</div>
				</div>
				<div class="elementor-element elementor-element-1cd2f12 elementor-widget elementor-widget-text-editor" data-id="1cd2f12" data-element_type="widget" data-widget_type="text-editor.default">
				<div class="elementor-widget-container">
							<p>Per a les residències d&#8217;estudiants de luxe VITA, ens encarreguem de fabricar i instal·lar els rètols de coronació dels dos edificis a Barcelona: Poblenou i Pedralbes, a més d&#8217;altres elements de senyalització. En tots dos, fabriquem rètols de grans dimensions, frontalment il·luminats, perquè destaquessin tant de dia com de nit.   </p>
						</div>
				</div>
					</div>
				</div>
				</div>

<p>Barcelona, ​​2023 Residències Vita Per a les residències d&#8217;estudiants de luxe VITA, ens encarreguem de fabricar i instal·lar els rètols de coronació dels dos edificis a Barcelona: Poblenou i Pedralbes, a més d&#8217;altres elements de senyalització. En tots dos, fabriquem rètols de grans dimensions, frontalment&#8230;</p>
