{"id":13103,"date":"2024-11-26T13:09:22","date_gmt":"2024-11-26T13:09:22","guid":{"rendered":"https:\/\/rexlansl.com\/archivos\/portfolio_page\/adolfo-dominguez"},"modified":"2024-12-23T11:49:51","modified_gmt":"2024-12-23T11:49:51","slug":"adolfo-dominguez","status":"publish","type":"portfolio_page","link":"https:\/\/rexlansl.com\/ca\/archivos\/portfolio_page\/adolfo-dominguez","title":{"rendered":"Adolfo Dominguez"},"content":{"rendered":"\t\t<div data-elementor-type=\"wp-post\" data-elementor-id=\"13103\" class=\"elementor elementor-13103 elementor-12194\">\n\t\t\t\t<div class=\"elementor-element elementor-element-902f364 e-flex e-con-boxed parallax_section_no qode_elementor_container_no e-con e-parent\" data-id=\"902f364\" data-element_type=\"container\">\n\t\t\t\t\t<div class=\"e-con-inner\">\n\t\t\t\t<div class=\"elementor-element elementor-element-2c4cd06 elementor-widget elementor-widget-heading\" data-id=\"2c4cd06\" data-element_type=\"widget\" data-widget_type=\"heading.default\">\n\t\t\t\t<div class=\"elementor-widget-container\">\n\t\t\t<h6 class=\"elementor-heading-title elementor-size-default\">Barcelona, \u200b\u200b2019<\/h6>\t\t<\/div>\n\t\t\t\t<\/div>\n\t\t\t\t<div class=\"elementor-element elementor-element-1b11ef0 elementor-widget elementor-widget-heading\" data-id=\"1b11ef0\" data-element_type=\"widget\" data-widget_type=\"heading.default\">\n\t\t\t\t<div class=\"elementor-widget-container\">\n\t\t\t<h2 class=\"elementor-heading-title elementor-size-default\">Adolfo Dominguez<\/h2>\t\t<\/div>\n\t\t\t\t<\/div>\n\t\t\t\t<div class=\"elementor-element elementor-element-1cd2f12 elementor-widget elementor-widget-text-editor\" data-id=\"1cd2f12\" data-element_type=\"widget\" data-widget_type=\"text-editor.default\">\n\t\t\t\t<div class=\"elementor-widget-container\">\n\t\t\t\t\t\t\t<p>L&#8217;empresa gallega de moda va sotmetre el seu establiment emblem\u00e0tic de la ciutat de Barcelona a una reforma integral el 2018 per dividir-lo en dos. . Instal\u00b7lem r\u00e8tols de vidre retolat amb vinil, amb un disseny elegant i cl\u00e0ssic, d&#8217;acord amb la ubicaci\u00f3, a m\u00e9s de protegir els seus aparadors amb l\u00e0mines antigrafiti.  <\/p>\n\t\t\t\t\t\t<\/div>\n\t\t\t\t<\/div>\n\t\t\t\t\t<\/div>\n\t\t\t\t<\/div>\n\t\t\t\t<\/div>\n\t\t","protected":false},"excerpt":{"rendered":"<p>Barcelona, \u200b\u200b2019 Adolfo Dominguez L&#8217;empresa gallega de moda va sotmetre el seu establiment emblem\u00e0tic de la ciutat de Barcelona a una reforma integral el 2018 per dividir-lo en dos. . Instal\u00b7lem r\u00e8tols de vidre retolat amb vinil, amb un disseny elegant i cl\u00e0ssic, d&#8217;acord amb&#8230;<\/p>\n","protected":false},"author":1,"featured_media":12954,"menu_order":0,"comment_status":"open","ping_status":"closed","template":"elementor_theme","portfolio_category":[86,85],"portfolio_tag":[],"class_list":["post-13103","portfolio_page","type-portfolio_page","status-publish","has-post-thumbnail","hentry","portfolio_category-botigues-i-centres-comercials","portfolio_category-retols"],"_links":{"self":[{"href":"https:\/\/rexlansl.com\/ca\/wp-json\/wp\/v2\/portfolio_page\/13103","targetHints":{"allow":["GET"]}}],"collection":[{"href":"https:\/\/rexlansl.com\/ca\/wp-json\/wp\/v2\/portfolio_page"}],"about":[{"href":"https:\/\/rexlansl.com\/ca\/wp-json\/wp\/v2\/types\/portfolio_page"}],"author":[{"embeddable":true,"href":"https:\/\/rexlansl.com\/ca\/wp-json\/wp\/v2\/users\/1"}],"replies":[{"embeddable":true,"href":"https:\/\/rexlansl.com\/ca\/wp-json\/wp\/v2\/comments?post=13103"}],"version-history":[{"count":1,"href":"https:\/\/rexlansl.com\/ca\/wp-json\/wp\/v2\/portfolio_page\/13103\/revisions"}],"predecessor-version":[{"id":13105,"href":"https:\/\/rexlansl.com\/ca\/wp-json\/wp\/v2\/portfolio_page\/13103\/revisions\/13105"}],"wp:featuredmedia":[{"embeddable":true,"href":"https:\/\/rexlansl.com\/ca\/wp-json\/wp\/v2\/media\/12954"}],"wp:attachment":[{"href":"https:\/\/rexlansl.com\/ca\/wp-json\/wp\/v2\/media?parent=13103"}],"wp:term":[{"taxonomy":"portfolio_category","embeddable":true,"href":"https:\/\/rexlansl.com\/ca\/wp-json\/wp\/v2\/portfolio_category?post=13103"},{"taxonomy":"portfolio_tag","embeddable":true,"href":"https:\/\/rexlansl.com\/ca\/wp-json\/wp\/v2\/portfolio_tag?post=13103"}],"curies":[{"name":"wp","href":"https:\/\/api.w.org\/{rel}","templated":true}]}}

<div data-elementor-type="wp-post" data-elementor-id="13103" class="elementor elementor-13103 elementor-12194">
				<div class="elementor-element elementor-element-902f364 e-flex e-con-boxed parallax_section_no qode_elementor_container_no e-con e-parent" data-id="902f364" data-element_type="container">
					<div class="e-con-inner">
				<div class="elementor-element elementor-element-2c4cd06 elementor-widget elementor-widget-heading" data-id="2c4cd06" data-element_type="widget" data-widget_type="heading.default">
				<div class="elementor-widget-container">
			<h6 class="elementor-heading-title elementor-size-default">Barcelona, ​​2019</h6>		</div>
				</div>
				<div class="elementor-element elementor-element-1b11ef0 elementor-widget elementor-widget-heading" data-id="1b11ef0" data-element_type="widget" data-widget_type="heading.default">
				<div class="elementor-widget-container">
			<h2 class="elementor-heading-title elementor-size-default">Adolfo Dominguez</h2>		</div>
				</div>
				<div class="elementor-element elementor-element-1cd2f12 elementor-widget elementor-widget-text-editor" data-id="1cd2f12" data-element_type="widget" data-widget_type="text-editor.default">
				<div class="elementor-widget-container">
							<p>L&#8217;empresa gallega de moda va sotmetre el seu establiment emblemàtic de la ciutat de Barcelona a una reforma integral el 2018 per dividir-lo en dos. . Instal·lem rètols de vidre retolat amb vinil, amb un disseny elegant i clàssic, d&#8217;acord amb la ubicació, a més de protegir els seus aparadors amb làmines antigrafiti.  </p>
						</div>
				</div>
					</div>
				</div>
				</div>

<p>Barcelona, ​​2019 Adolfo Dominguez L&#8217;empresa gallega de moda va sotmetre el seu establiment emblemàtic de la ciutat de Barcelona a una reforma integral el 2018 per dividir-lo en dos. . Instal·lem rètols de vidre retolat amb vinil, amb un disseny elegant i clàssic, d&#8217;acord amb&#8230;</p>
